{"id":1184,"date":"2025-04-28T09:21:04","date_gmt":"2025-04-28T07:21:04","guid":{"rendered":"https:\/\/www.musictime.hr\/?post_type=event&#038;p=1184"},"modified":"2025-04-28T09:28:23","modified_gmt":"2025-04-28T07:28:23","slug":"to-je-moj-zagreb-glazbeni-hommage-glavnom-gradu","status":"publish","type":"event","link":"https:\/\/www.musictime.hr\/en\/event\/to-je-moj-zagreb-glazbeni-hommage-glavnom-gradu\/","title":{"rendered":"To je moj Zagreb! Glazbeni hommage glavnom gradu"},"content":{"rendered":"<p>Zagreba\u010dka filharmonija odr\u017eat \u0107e 31. svibnja 2025., na dan grada Zagreba, koncert \u201eTo je moj Zagreb\u201c &#8211; pravi glazbeni hommage Zagrebu.<br \/>\nGrad je to koji je inspirirao mnoge umjetnike kroz povijest, a svojim je \u0161armom i kulturnim bogatstvom oplemenio brojne putnike namjernike i goste grada.<\/p>\n<p>Dirigent ovog posebnog koncerta bit \u0107e Alan Bjelinski, renomirani hrvatski dirigent poznat po svojoj strastvenoj i preciznoj interpretaciji klasi\u010dne glazbe. Uz njega \u0107e na sceni nastupiti niz iznimnih vokalnih umjetnika: Drago Dikli\u0107, Hrvoje Hegedu\u0161i\u0107, Renata Sabljak, Dino Antoni\u0107, Darko Domijan, Dra\u017een Bratuli\u0107 i Valentina Fija\u010dko Kobi\u0107, koji \u0107e izvesti neke od najljep\u0161ih skladbi posve\u0107enih Zagrebu i njegovoj bogatoj glazbenoj ba\u0161tini.<\/p>\n<p>Repertoar koncerta \u201eTo je moj Zagreb\u201c uklju\u010duje skladbe koje evociraju sje\u0107anja na neizbrisiv trag koji je Zagreb ostavio na glazbu, kulturu i umjetnost poput Pjesme Zagrebu, Tre\u0161njeva\u010dke balade, Golubova, Tebi grade moj i mnogih drugih. Kroz pjesme i balade koje su odzvanjale ulicama, trgovima i dvoranama glavnog grada, publika \u0107e imati priliku do\u017eivjeti Zagreb na posve nov na\u010din \u2013 kroz glazbu koja pri\u010da njegove pri\u010de i legende.<\/p>\n<p>Ovaj koncert bit \u0107e jedinstvena prilika da se svi zaljubljenici u Zagreb, njegovu povijest i kulturu ujedine u glazbi koja odra\u017eava ljepotu i neponovljivost toga grada. Ne propustite priliku u\u017eivati u Lisinskom na koncertu koji slavi Zagreb kroz prepoznatljive melodije, emocije i glazbene izvedbe.<\/p>\n","protected":false},"featured_media":1185,"template":"","meta":{"_acf_changed":false},"categories":[35],"class_list":["post-1184","event","type-event","status-publish","has-post-thumbnail","hentry","category-35"],"acf":[],"aioseo_notices":[],"_links":{"self":[{"href":"https:\/\/www.musictime.hr\/en\/wp-json\/wp\/v2\/event\/1184","targetHints":{"allow":["GET"]}}],"collection":[{"href":"https:\/\/www.musictime.hr\/en\/wp-json\/wp\/v2\/event"}],"about":[{"href":"https:\/\/www.musictime.hr\/en\/wp-json\/wp\/v2\/types\/event"}],"wp:featuredmedia":[{"embeddable":true,"href":"https:\/\/www.musictime.hr\/en\/wp-json\/wp\/v2\/media\/1185"}],"wp:attachment":[{"href":"https:\/\/www.musictime.hr\/en\/wp-json\/wp\/v2\/media?parent=1184"}],"wp:term":[{"taxonomy":"category","embeddable":true,"href":"https:\/\/www.musictime.hr\/en\/wp-json\/wp\/v2\/categories?post=1184"}],"curies":[{"name":"wp","href":"https:\/\/api.w.org\/{rel}","templated":true}]}}

<p>Zagrebačka filharmonija održat će 31. svibnja 2025., na dan grada Zagreba, koncert „To je moj Zagreb“ &#8211; pravi glazbeni hommage Zagrebu.<br />
Grad je to koji je inspirirao mnoge umjetnike kroz povijest, a svojim je šarmom i kulturnim bogatstvom oplemenio brojne putnike namjernike i goste grada.</p>
<p>Dirigent ovog posebnog koncerta bit će Alan Bjelinski, renomirani hrvatski dirigent poznat po svojoj strastvenoj i preciznoj interpretaciji klasične glazbe. Uz njega će na sceni nastupiti niz iznimnih vokalnih umjetnika: Drago Diklić, Hrvoje Hegedušić, Renata Sabljak, Dino Antonić, Darko Domijan, Dražen Bratulić i Valentina Fijačko Kobić, koji će izvesti neke od najljepših skladbi posvećenih Zagrebu i njegovoj bogatoj glazbenoj baštini.</p>
<p>Repertoar koncerta „To je moj Zagreb“ uključuje skladbe koje evociraju sjećanja na neizbrisiv trag koji je Zagreb ostavio na glazbu, kulturu i umjetnost poput Pjesme Zagrebu, Trešnjevačke balade, Golubova, Tebi grade moj i mnogih drugih. Kroz pjesme i balade koje su odzvanjale ulicama, trgovima i dvoranama glavnog grada, publika će imati priliku doživjeti Zagreb na posve nov način – kroz glazbu koja priča njegove priče i legende.</p>
<p>Ovaj koncert bit će jedinstvena prilika da se svi zaljubljenici u Zagreb, njegovu povijest i kulturu ujedine u glazbi koja odražava ljepotu i neponovljivost toga grada. Ne propustite priliku uživati u Lisinskom na koncertu koji slavi Zagreb kroz prepoznatljive melodije, emocije i glazbene izvedbe.</p>
