{"id":250,"date":"2024-03-29T14:48:21","date_gmt":"2024-03-29T13:48:21","guid":{"rendered":"https:\/\/www.musictime.hr\/?post_type=event&#038;p=250"},"modified":"2024-03-29T14:48:21","modified_gmt":"2024-03-29T13:48:21","slug":"vece-sevdalinki-ne-klepeci-nanulama","status":"publish","type":"event","link":"https:\/\/www.musictime.hr\/en\/event\/vece-sevdalinki-ne-klepeci-nanulama\/","title":{"rendered":"VE\u010cE SEVDALINKI \u2013 NE KLEPE\u0106I NANULAMA"},"content":{"rendered":"<p>\u201cOdolijevaju\u0107i vremenu, u razli\u010ditim slojevima gradskog stanovni\u0161tva, stvarana je i pjevana sevdalinka na djevoja\u010dkim i moma\u010dkim sastancima, u kolu, na selima, svadbama i drugim porodi\u010dnim skupovima, stvaraju\u0107i tradiciju koja obilje\u017eava kulturu jednog podneblja\u201d, navedeno je u najavi organizatora ovog koncerta<\/p>\n<p>Merima Njegomir, Hari Vare\u0161anovi\u0107, Marija \u0160esti\u0107, Marinko Rokvi\u0107, Enes Begovi\u0107, Vesna Had\u017ei\u0107, Muhamed Mujkanovi\u0107, Reuf Fekovi\u0107, Boki Milo\u0161evi\u0107, Esad Kova\u010devi\u0107 izvodili su vi\u0161e od dva sata neprolazne bosanske sevdalinke, u pratnji orkestra Dinka Mujanovi\u0107a.<\/p>\n<p>Specijalni gost bio je Omladinski hor iz Zenice, koji se na po\u010detku koncerta predstavio pjesmom \u201cSnijeg pade na behar, na vo\u0107e\u201d.<\/p>\n","protected":false},"featured_media":222,"template":"","meta":{"_acf_changed":false},"categories":[9],"class_list":["post-250","event","type-event","status-publish","has-post-thumbnail","hentry","category-9"],"acf":[],"aioseo_notices":[],"_links":{"self":[{"href":"https:\/\/www.musictime.hr\/en\/wp-json\/wp\/v2\/event\/250","targetHints":{"allow":["GET"]}}],"collection":[{"href":"https:\/\/www.musictime.hr\/en\/wp-json\/wp\/v2\/event"}],"about":[{"href":"https:\/\/www.musictime.hr\/en\/wp-json\/wp\/v2\/types\/event"}],"wp:featuredmedia":[{"embeddable":true,"href":"https:\/\/www.musictime.hr\/en\/wp-json\/wp\/v2\/media\/222"}],"wp:attachment":[{"href":"https:\/\/www.musictime.hr\/en\/wp-json\/wp\/v2\/media?parent=250"}],"wp:term":[{"taxonomy":"category","embeddable":true,"href":"https:\/\/www.musictime.hr\/en\/wp-json\/wp\/v2\/categories?post=250"}],"curies":[{"name":"wp","href":"https:\/\/api.w.org\/{rel}","templated":true}]}}

VEČE SEVDALINKI – NE KLEPEĆI NANULAMA

<p>“Odolijevajući vremenu, u različitim slojevima gradskog stanovništva, stvarana je i pjevana sevdalinka na djevojačkim i momačkim sastancima, u kolu, na selima, svadbama i drugim porodičnim skupovima, stvarajući tradiciju koja obilježava kulturu jednog podneblja”, navedeno je u najavi organizatora ovog koncerta</p>
<p>Merima Njegomir, Hari Varešanović, Marija Šestić, Marinko Rokvić, Enes Begović, Vesna Hadžić, Muhamed Mujkanović, Reuf Feković, Boki Milošević, Esad Kovačević izvodili su više od dva sata neprolazne bosanske sevdalinke, u pratnji orkestra Dinka Mujanovića.</p>
<p>Specijalni gost bio je Omladinski hor iz Zenice, koji se na početku koncerta predstavio pjesmom “Snijeg pade na behar, na voće”.</p>
