{"id":297,"date":"2024-03-29T15:08:40","date_gmt":"2024-03-29T14:08:40","guid":{"rendered":"https:\/\/www.musictime.hr\/?post_type=event&#038;p=297"},"modified":"2024-03-29T15:08:40","modified_gmt":"2024-03-29T14:08:40","slug":"bozo-vreco-4","status":"publish","type":"event","link":"https:\/\/www.musictime.hr\/en\/event\/bozo-vreco-4\/","title":{"rendered":"BO\u017dO VRE\u0106O"},"content":{"rendered":"<p>Spektakl u tvr\u0111avi Sv. Mihovila u \u0160ibeniku<\/p>\n<p>Umjetnik, interpretator i autor sevdalinki Bo\u017eo Vre\u0107o tijekom posljednjih nekoliko godina postao je, ne samo regionalna, ve\u0107 i europska i svjetska glazbena senzacija. New York Times je ovog lirskog tenora nedavno okarakterizirao kao \u201e\u010covjeka an\u0111eoskog glasa, koji doti\u010de srca i miluje du\u0161e!\u201c.<\/p>\n<p>Mu\u0161ko-\u017eenska dualnost Bo\u017ee Vre\u0107e iz koje proizlazi posebna dramati\u010dnost i virtuoznost, njegovu a capella interpretaciju sevdalinki \u010dine istinski emotivnim do\u017eivljajem. Vre\u0107o je do sada je objavio \u010detiri studijska albuma, a posljednji pod nazivom \u201cPandora\u201d.<\/p>\n","protected":false},"featured_media":298,"template":"","meta":{"_acf_changed":false},"categories":[13],"class_list":["post-297","event","type-event","status-publish","has-post-thumbnail","hentry","category-13"],"acf":[],"aioseo_notices":[],"_links":{"self":[{"href":"https:\/\/www.musictime.hr\/en\/wp-json\/wp\/v2\/event\/297","targetHints":{"allow":["GET"]}}],"collection":[{"href":"https:\/\/www.musictime.hr\/en\/wp-json\/wp\/v2\/event"}],"about":[{"href":"https:\/\/www.musictime.hr\/en\/wp-json\/wp\/v2\/types\/event"}],"wp:featuredmedia":[{"embeddable":true,"href":"https:\/\/www.musictime.hr\/en\/wp-json\/wp\/v2\/media\/298"}],"wp:attachment":[{"href":"https:\/\/www.musictime.hr\/en\/wp-json\/wp\/v2\/media?parent=297"}],"wp:term":[{"taxonomy":"category","embeddable":true,"href":"https:\/\/www.musictime.hr\/en\/wp-json\/wp\/v2\/categories?post=297"}],"curies":[{"name":"wp","href":"https:\/\/api.w.org\/{rel}","templated":true}]}}

BOŽO VREĆO

<p>Spektakl u tvrđavi Sv. Mihovila u Šibeniku</p>
<p>Umjetnik, interpretator i autor sevdalinki Božo Vrećo tijekom posljednjih nekoliko godina postao je, ne samo regionalna, već i europska i svjetska glazbena senzacija. New York Times je ovog lirskog tenora nedavno okarakterizirao kao „Čovjeka anđeoskog glasa, koji dotiče srca i miluje duše!“.</p>
<p>Muško-ženska dualnost Bože Vreće iz koje proizlazi posebna dramatičnost i virtuoznost, njegovu a capella interpretaciju sevdalinki čine istinski emotivnim doživljajem. Vrećo je do sada je objavio četiri studijska albuma, a posljednji pod nazivom “Pandora”.</p>
