{"id":301,"date":"2024-03-29T15:10:04","date_gmt":"2024-03-29T14:10:04","guid":{"rendered":"https:\/\/www.musictime.hr\/?post_type=event&#038;p=301"},"modified":"2024-03-29T15:10:04","modified_gmt":"2024-03-29T14:10:04","slug":"massimo-savic-and-the-band-2","status":"publish","type":"event","link":"https:\/\/www.musictime.hr\/en\/event\/massimo-savic-and-the-band-2\/","title":{"rendered":"MASSIMO SAVI\u0106 AND THE BAND"},"content":{"rendered":"<p>Koncerti Massimo Savi\u0107 &amp; band \u2013 ljetna turneja 2017!<\/p>\n<p>Fenomenalni Massimo Savi\u0107 ovoga ljeta odr\u017eao je koncerte u Banja Luci, Trogiru, Dubrovniku, Solinu i Makarskoj!<br \/>\n\u200b<br \/>\nKoncert Massimo Savi\u0107 &amp; band \u2013 ljetna turneja. Ponajbolji mu\u0161ki vokal Hrvatske, ali i regije, karizmati\u010dni pjeva\u010d i glazbenik osvojio je sve radijske top ljestvice svojim ljetnim hitom \u201eNeka ti plove brodovi\u201c, a ovoga ljeta fanovi Massima mogli su ga poslu\u0161ati na brojnim lokacijama na Jadranu.<\/p>\n<p>Tako\u0111er, u pripremi je i novi Massimov studijski album koji \u0107e se uskoro pojaviti na tr\u017ei\u0161tu, a ljetna koncertna turneja svojevrsna je uvertira u i\u0161\u010dekivanje novog albuma.<\/p>\n<p>Koncerti su bili prava glazbena poslastica za sve ljubitelje Massima, a odli\u010dna produkcija i posebnost ambijenta lokacija dodatni su razlozi da se ovi koncerti jo\u0161 uvijek prepri\u010davaju!<\/p>\n","protected":false},"featured_media":302,"template":"","meta":{"_acf_changed":false},"categories":[13],"class_list":["post-301","event","type-event","status-publish","has-post-thumbnail","hentry","category-13"],"acf":[],"aioseo_notices":[],"_links":{"self":[{"href":"https:\/\/www.musictime.hr\/en\/wp-json\/wp\/v2\/event\/301","targetHints":{"allow":["GET"]}}],"collection":[{"href":"https:\/\/www.musictime.hr\/en\/wp-json\/wp\/v2\/event"}],"about":[{"href":"https:\/\/www.musictime.hr\/en\/wp-json\/wp\/v2\/types\/event"}],"wp:featuredmedia":[{"embeddable":true,"href":"https:\/\/www.musictime.hr\/en\/wp-json\/wp\/v2\/media\/302"}],"wp:attachment":[{"href":"https:\/\/www.musictime.hr\/en\/wp-json\/wp\/v2\/media?parent=301"}],"wp:term":[{"taxonomy":"category","embeddable":true,"href":"https:\/\/www.musictime.hr\/en\/wp-json\/wp\/v2\/categories?post=301"}],"curies":[{"name":"wp","href":"https:\/\/api.w.org\/{rel}","templated":true}]}}

MASSIMO SAVIĆ AND THE BAND

<p>Koncerti Massimo Savić &amp; band – ljetna turneja 2017!</p>
<p>Fenomenalni Massimo Savić ovoga ljeta održao je koncerte u Banja Luci, Trogiru, Dubrovniku, Solinu i Makarskoj!<br />
​<br />
Koncert Massimo Savić &amp; band – ljetna turneja. Ponajbolji muški vokal Hrvatske, ali i regije, karizmatični pjevač i glazbenik osvojio je sve radijske top ljestvice svojim ljetnim hitom „Neka ti plove brodovi“, a ovoga ljeta fanovi Massima mogli su ga poslušati na brojnim lokacijama na Jadranu.</p>
<p>Također, u pripremi je i novi Massimov studijski album koji će se uskoro pojaviti na tržištu, a ljetna koncertna turneja svojevrsna je uvertira u iščekivanje novog albuma.</p>
<p>Koncerti su bili prava glazbena poslastica za sve ljubitelje Massima, a odlična produkcija i posebnost ambijenta lokacija dodatni su razlozi da se ovi koncerti još uvijek prepričavaju!</p>
