{"id":424,"date":"2024-03-29T16:10:11","date_gmt":"2024-03-29T15:10:11","guid":{"rendered":"https:\/\/www.musictime.hr\/?post_type=event&#038;p=424"},"modified":"2024-03-29T16:10:11","modified_gmt":"2024-03-29T15:10:11","slug":"idemo-uzivo-veljaca-i-ozujak-2019","status":"publish","type":"event","link":"https:\/\/www.musictime.hr\/en\/event\/idemo-uzivo-veljaca-i-ozujak-2019\/","title":{"rendered":"IDEMO U\u017dIVO &#8211; VELJA\u010cA I O\u017dUJAK 2019"},"content":{"rendered":"<p>Predstava za koju se tra\u017ei karta vi\u0161e!<\/p>\n<p>Hit predstava jednih od poznatijih glumaca u regiji Rena Bitorajca i Igora Me\u0161ina- \u201eIdemo U\u017eivo\u201c, u suradnji s Music Time-om, imala je sjajnu turneju za po\u010detak 2019. godine.<\/p>\n<p>Igor Me\u0161in i Rene Bitorajac igrali su zajedno u epizodama serija Na\u0161a mala klinika, Bitange i princeze i Odmori se, zaslu\u017eio si. Igrali su i u istim filmovima (Rusko meso, Nebo sateliti, Tri mu\u0161karca Melite \u017dganjer, General), zajedno vodili 6 sezona Super talenta i 5 sezona showa TLZP, ali dosada nisu zajedno igrali na kazali\u0161nim daskama.<\/p>\n<p>Svoje desetogodi\u0161nje televizijsko partnerstvo, odlu\u010dili su okruniti fantasti\u010dnim kazali\u0161nim projektom i nisu nimalo pogrije\u0161ili.<br \/>\nMjesta diljem Jadrana su bila rasprodana, a publika odu\u0161evljena.<\/p>\n","protected":false},"featured_media":398,"template":"","meta":{"_acf_changed":false},"categories":[15],"class_list":["post-424","event","type-event","status-publish","has-post-thumbnail","hentry","category-15"],"acf":[],"aioseo_notices":[],"_links":{"self":[{"href":"https:\/\/www.musictime.hr\/en\/wp-json\/wp\/v2\/event\/424","targetHints":{"allow":["GET"]}}],"collection":[{"href":"https:\/\/www.musictime.hr\/en\/wp-json\/wp\/v2\/event"}],"about":[{"href":"https:\/\/www.musictime.hr\/en\/wp-json\/wp\/v2\/types\/event"}],"wp:featuredmedia":[{"embeddable":true,"href":"https:\/\/www.musictime.hr\/en\/wp-json\/wp\/v2\/media\/398"}],"wp:attachment":[{"href":"https:\/\/www.musictime.hr\/en\/wp-json\/wp\/v2\/media?parent=424"}],"wp:term":[{"taxonomy":"category","embeddable":true,"href":"https:\/\/www.musictime.hr\/en\/wp-json\/wp\/v2\/categories?post=424"}],"curies":[{"name":"wp","href":"https:\/\/api.w.org\/{rel}","templated":true}]}}

IDEMO UŽIVO &#8211; VELJAČA I OŽUJAK 2019

<p>Predstava za koju se traži karta više!</p>
<p>Hit predstava jednih od poznatijih glumaca u regiji Rena Bitorajca i Igora Mešina- „Idemo Uživo“, u suradnji s Music Time-om, imala je sjajnu turneju za početak 2019. godine.</p>
<p>Igor Mešin i Rene Bitorajac igrali su zajedno u epizodama serija Naša mala klinika, Bitange i princeze i Odmori se, zaslužio si. Igrali su i u istim filmovima (Rusko meso, Nebo sateliti, Tri muškarca Melite Žganjer, General), zajedno vodili 6 sezona Super talenta i 5 sezona showa TLZP, ali dosada nisu zajedno igrali na kazališnim daskama.</p>
<p>Svoje desetogodišnje televizijsko partnerstvo, odlučili su okruniti fantastičnim kazališnim projektom i nisu nimalo pogriješili.<br />
Mjesta diljem Jadrana su bila rasprodana, a publika oduševljena.</p>
