{"id":454,"date":"2024-03-29T16:19:32","date_gmt":"2024-03-29T15:19:32","guid":{"rendered":"https:\/\/www.musictime.hr\/?post_type=event&#038;p=454"},"modified":"2024-03-29T16:19:32","modified_gmt":"2024-03-29T15:19:32","slug":"varta-trogir","status":"publish","type":"event","link":"https:\/\/www.musictime.hr\/en\/event\/varta-trogir\/","title":{"rendered":"VARTA &#8211; TROGIR"},"content":{"rendered":"<p>Vatra zapalila trogirsku kulu Kamerlengo!<\/p>\n<p>Viroviti\u010dki bend Vatra ove godine objavio je svoj deseti studijski album \u201cNama se nikud ne \u017euri\u201d nazvan po istoimenom hit singlu otpjevanom u duetu s Massimom. Na nedavno odr\u017eanoj godi\u0161njoj<\/p>\n<p>dodjeli nagrada Porin, Vatra je za upravo tu naslovnu pjesmu dobila nagradu za najbolju vokalnu suradnju. Vatra, kao jedan od najboljih doma\u0107ih pop-rock sastava ove godine obilje\u017eava svoju 20.godi\u0161njicu postojanja.<\/p>\n<p>\u010clanovi benda su svoj ro\u0111endan odlu\u010dili slaviti kroz cijelu 2019. godinu diljem cijele Hrvatske, a pravo ro\u0111endansko slavlje u suradnji s Music Time-om, Vatra je priredila 13.8. u trogirskoj kuli Kamerlengo.<\/p>\n","protected":false},"featured_media":455,"template":"","meta":{"_acf_changed":false},"categories":[15],"class_list":["post-454","event","type-event","status-publish","has-post-thumbnail","hentry","category-15"],"acf":[],"aioseo_notices":[],"_links":{"self":[{"href":"https:\/\/www.musictime.hr\/en\/wp-json\/wp\/v2\/event\/454","targetHints":{"allow":["GET"]}}],"collection":[{"href":"https:\/\/www.musictime.hr\/en\/wp-json\/wp\/v2\/event"}],"about":[{"href":"https:\/\/www.musictime.hr\/en\/wp-json\/wp\/v2\/types\/event"}],"wp:featuredmedia":[{"embeddable":true,"href":"https:\/\/www.musictime.hr\/en\/wp-json\/wp\/v2\/media\/455"}],"wp:attachment":[{"href":"https:\/\/www.musictime.hr\/en\/wp-json\/wp\/v2\/media?parent=454"}],"wp:term":[{"taxonomy":"category","embeddable":true,"href":"https:\/\/www.musictime.hr\/en\/wp-json\/wp\/v2\/categories?post=454"}],"curies":[{"name":"wp","href":"https:\/\/api.w.org\/{rel}","templated":true}]}}

<p>Vatra zapalila trogirsku kulu Kamerlengo!</p>
<p>Virovitički bend Vatra ove godine objavio je svoj deseti studijski album “Nama se nikud ne žuri” nazvan po istoimenom hit singlu otpjevanom u duetu s Massimom. Na nedavno održanoj godišnjoj</p>
<p>dodjeli nagrada Porin, Vatra je za upravo tu naslovnu pjesmu dobila nagradu za najbolju vokalnu suradnju. Vatra, kao jedan od najboljih domaćih pop-rock sastava ove godine obilježava svoju 20.godišnjicu postojanja.</p>
<p>Članovi benda su svoj rođendan odlučili slaviti kroz cijelu 2019. godinu diljem cijele Hrvatske, a pravo rođendansko slavlje u suradnji s Music Time-om, Vatra je priredila 13.8. u trogirskoj kuli Kamerlengo.</p>
