{"id":533,"date":"2024-03-29T16:50:57","date_gmt":"2024-03-29T15:50:57","guid":{"rendered":"https:\/\/www.musictime.hr\/?post_type=event&#038;p=533"},"modified":"2024-03-29T16:50:57","modified_gmt":"2024-03-29T15:50:57","slug":"bozo-vreco-u-lisinskom","status":"publish","type":"event","link":"https:\/\/www.musictime.hr\/en\/event\/bozo-vreco-u-lisinskom\/","title":{"rendered":"BO\u017dO VRE\u0106O U LISINSKOM"},"content":{"rendered":"<p>Jedinstveni i neponovljivi Bo\u017eo Vre\u0107o, odr\u017eao je 02. studenog koncert u KD Vatroslava Lisinskog.<\/p>\n<p>Poznati glazbenik ispunio je o\u010dekivanja i publika je bila odu\u0161evljena njegovim nastupom u glavnom gradu Hrvatske.<\/p>\n<p>U Zagrebu je nastupio nakon dvije godine i istaknuo je kako je odu\u0161evljen reakcijom publike na koncert te se raduje ponovnom nastupu u Hrvatskoj.<\/p>\n","protected":false},"featured_media":534,"template":"","meta":{"_acf_changed":false},"categories":[17],"class_list":["post-533","event","type-event","status-publish","has-post-thumbnail","hentry","category-17"],"acf":[],"aioseo_notices":[],"_links":{"self":[{"href":"https:\/\/www.musictime.hr\/en\/wp-json\/wp\/v2\/event\/533","targetHints":{"allow":["GET"]}}],"collection":[{"href":"https:\/\/www.musictime.hr\/en\/wp-json\/wp\/v2\/event"}],"about":[{"href":"https:\/\/www.musictime.hr\/en\/wp-json\/wp\/v2\/types\/event"}],"wp:featuredmedia":[{"embeddable":true,"href":"https:\/\/www.musictime.hr\/en\/wp-json\/wp\/v2\/media\/534"}],"wp:attachment":[{"href":"https:\/\/www.musictime.hr\/en\/wp-json\/wp\/v2\/media?parent=533"}],"wp:term":[{"taxonomy":"category","embeddable":true,"href":"https:\/\/www.musictime.hr\/en\/wp-json\/wp\/v2\/categories?post=533"}],"curies":[{"name":"wp","href":"https:\/\/api.w.org\/{rel}","templated":true}]}}

BOŽO VREĆO U LISINSKOM

<p>Jedinstveni i neponovljivi Božo Vrećo, održao je 02. studenog koncert u KD Vatroslava Lisinskog.</p>
<p>Poznati glazbenik ispunio je očekivanja i publika je bila oduševljena njegovim nastupom u glavnom gradu Hrvatske.</p>
<p>U Zagrebu je nastupio nakon dvije godine i istaknuo je kako je oduševljen reakcijom publike na koncert te se raduje ponovnom nastupu u Hrvatskoj.</p>
