{"id":536,"date":"2024-03-29T16:51:43","date_gmt":"2024-03-29T15:51:43","guid":{"rendered":"https:\/\/www.musictime.hr\/?post_type=event&#038;p=536"},"modified":"2024-03-29T16:51:43","modified_gmt":"2024-03-29T15:51:43","slug":"festival-u-zagrljaju-glazbe-kamena-i-mora-u-vrsaru","status":"publish","type":"event","link":"https:\/\/www.musictime.hr\/en\/event\/festival-u-zagrljaju-glazbe-kamena-i-mora-u-vrsaru\/","title":{"rendered":"FESTIVAL &#8220;U ZAGRLJAJU GLAZBE, KAMENA I MORA&#8221; U VRSARU"},"content":{"rendered":"<p>Na premijernom odr\u017eanom festivalu svoje nastupe zabilje\u017eili su Vlatko Stefanovski, Amira Medunjanin, Perpetuum Jazzile i Massimo. Sami koncept i smisao odr\u017eavanja ovakvog eventa je bio spoj i mje\u0161avina razli\u010ditih glazbenih \u017eanrova, ali i kultura kako bi publika mogla u\u017eivati u jedinstvenim koncertima svakih od ovih izvo\u0111a\u010da.<\/p>\n<p>Osim u spojevima razli\u010ditih \u017eanrova, u pitanju su i glazbenici iz Sjeverne Makedonije, Bosne i Hercegovine, Slovenije i Hrvatske \u010dime se upotpunila neobi\u010dna koncepcija na unikatnoj lokaciji.<\/p>\n","protected":false},"featured_media":537,"template":"","meta":{"_acf_changed":false},"categories":[17],"class_list":["post-536","event","type-event","status-publish","has-post-thumbnail","hentry","category-17"],"acf":[],"aioseo_notices":[],"_links":{"self":[{"href":"https:\/\/www.musictime.hr\/en\/wp-json\/wp\/v2\/event\/536","targetHints":{"allow":["GET"]}}],"collection":[{"href":"https:\/\/www.musictime.hr\/en\/wp-json\/wp\/v2\/event"}],"about":[{"href":"https:\/\/www.musictime.hr\/en\/wp-json\/wp\/v2\/types\/event"}],"wp:featuredmedia":[{"embeddable":true,"href":"https:\/\/www.musictime.hr\/en\/wp-json\/wp\/v2\/media\/537"}],"wp:attachment":[{"href":"https:\/\/www.musictime.hr\/en\/wp-json\/wp\/v2\/media?parent=536"}],"wp:term":[{"taxonomy":"category","embeddable":true,"href":"https:\/\/www.musictime.hr\/en\/wp-json\/wp\/v2\/categories?post=536"}],"curies":[{"name":"wp","href":"https:\/\/api.w.org\/{rel}","templated":true}]}}

<p>Na premijernom održanom festivalu svoje nastupe zabilježili su Vlatko Stefanovski, Amira Medunjanin, Perpetuum Jazzile i Massimo. Sami koncept i smisao održavanja ovakvog eventa je bio spoj i mješavina različitih glazbenih žanrova, ali i kultura kako bi publika mogla uživati u jedinstvenim koncertima svakih od ovih izvođača.</p>
<p>Osim u spojevima različitih žanrova, u pitanju su i glazbenici iz Sjeverne Makedonije, Bosne i Hercegovine, Slovenije i Hrvatske čime se upotpunila neobična koncepcija na unikatnoj lokaciji.</p>
