{"id":548,"date":"2024-03-29T16:55:01","date_gmt":"2024-03-29T15:55:01","guid":{"rendered":"https:\/\/www.musictime.hr\/?post_type=event&#038;p=548"},"modified":"2024-03-29T16:55:01","modified_gmt":"2024-03-29T15:55:01","slug":"festival-s-okusom-soli-na-sustipanu-u-splitu-okupio-renomirana-glazbena-imena","status":"publish","type":"event","link":"https:\/\/www.musictime.hr\/en\/event\/festival-s-okusom-soli-na-sustipanu-u-splitu-okupio-renomirana-glazbena-imena\/","title":{"rendered":"FESTIVAL \u201eS OKUSOM SOLI\u201c  NA SUSTIPANU U SPLITU OKUPIO RENOMIRANA GLAZBENA IMENA"},"content":{"rendered":"<p>U tri dana festivala \u201eS okusom soli\u201c, Split je ugostio vrhunska glazbena imena.<\/p>\n<p>Prvi dan festivala nastupio je Parni Valjak, jedan od najzna\u010dajnih hrvatskih bendova. Drugog dana festivala na pozornicu su stali \u010dlanovi grupe Crvene Jabuke dok je posljedni dan zatvorio neponovljivi Massimo.<\/p>\n<p>Publika je u\u017eivala u sve tri no\u0107i festivala \u0161to je svjedo\u010dila i brojna posje\u0107enost uz po\u0161tivanje svih epidemiolo\u0161kih mjera.<\/p>\n","protected":false},"featured_media":549,"template":"","meta":{"_acf_changed":false},"categories":[17],"class_list":["post-548","event","type-event","status-publish","has-post-thumbnail","hentry","category-17"],"acf":[],"aioseo_notices":[],"_links":{"self":[{"href":"https:\/\/www.musictime.hr\/en\/wp-json\/wp\/v2\/event\/548","targetHints":{"allow":["GET"]}}],"collection":[{"href":"https:\/\/www.musictime.hr\/en\/wp-json\/wp\/v2\/event"}],"about":[{"href":"https:\/\/www.musictime.hr\/en\/wp-json\/wp\/v2\/types\/event"}],"wp:featuredmedia":[{"embeddable":true,"href":"https:\/\/www.musictime.hr\/en\/wp-json\/wp\/v2\/media\/549"}],"wp:attachment":[{"href":"https:\/\/www.musictime.hr\/en\/wp-json\/wp\/v2\/media?parent=548"}],"wp:term":[{"taxonomy":"category","embeddable":true,"href":"https:\/\/www.musictime.hr\/en\/wp-json\/wp\/v2\/categories?post=548"}],"curies":[{"name":"wp","href":"https:\/\/api.w.org\/{rel}","templated":true}]}}

<p>U tri dana festivala „S okusom soli“, Split je ugostio vrhunska glazbena imena.</p>
<p>Prvi dan festivala nastupio je Parni Valjak, jedan od najznačajnih hrvatskih bendova. Drugog dana festivala na pozornicu su stali članovi grupe Crvene Jabuke dok je posljedni dan zatvorio neponovljivi Massimo.</p>
<p>Publika je uživala u sve tri noći festivala što je svjedočila i brojna posjećenost uz poštivanje svih epidemioloških mjera.</p>
