{"id":564,"date":"2024-03-29T16:59:20","date_gmt":"2024-03-29T15:59:20","guid":{"rendered":"https:\/\/www.musictime.hr\/?post_type=event&#038;p=564"},"modified":"2024-03-29T16:59:20","modified_gmt":"2024-03-29T15:59:20","slug":"mini-dalmatinska-turneja-stefanovskog-i-v3-tria-u-trogiru-sibeniku-i-bracu","status":"publish","type":"event","link":"https:\/\/www.musictime.hr\/en\/event\/mini-dalmatinska-turneja-stefanovskog-i-v3-tria-u-trogiru-sibeniku-i-bracu\/","title":{"rendered":"MINI DALMATINSKA TURNEJA STEFANOVSKOG I V3 TRIA  U TROGIRU, \u0160IBENIKU I BRA\u010cU"},"content":{"rendered":"<p>Glazbeno umije\u0107e legendarnog Vlatka Stefanovskog odavno je opjevano i poznato diljem regije. Koncertom u Trogiru, \u0160ibeniku i na Bra\u010du uz pratnju V3 Trio napravljena je mini turneja po Dalmaciji kako bi se jo\u0161 jednom publici pokazali u najboljem izdanju.<\/p>\n<p>Impresivna fuzija glazbenih stilova, dalmatinska publika je ostala zadivljena \u0161to je rezultiralo i vi\u0161eminutnim pljeskom na samom kraju njihovog nastupa.<\/p>\n","protected":false},"featured_media":549,"template":"","meta":{"_acf_changed":false},"categories":[17],"class_list":["post-564","event","type-event","status-publish","has-post-thumbnail","hentry","category-17"],"acf":[],"aioseo_notices":[],"_links":{"self":[{"href":"https:\/\/www.musictime.hr\/en\/wp-json\/wp\/v2\/event\/564","targetHints":{"allow":["GET"]}}],"collection":[{"href":"https:\/\/www.musictime.hr\/en\/wp-json\/wp\/v2\/event"}],"about":[{"href":"https:\/\/www.musictime.hr\/en\/wp-json\/wp\/v2\/types\/event"}],"wp:featuredmedia":[{"embeddable":true,"href":"https:\/\/www.musictime.hr\/en\/wp-json\/wp\/v2\/media\/549"}],"wp:attachment":[{"href":"https:\/\/www.musictime.hr\/en\/wp-json\/wp\/v2\/media?parent=564"}],"wp:term":[{"taxonomy":"category","embeddable":true,"href":"https:\/\/www.musictime.hr\/en\/wp-json\/wp\/v2\/categories?post=564"}],"curies":[{"name":"wp","href":"https:\/\/api.w.org\/{rel}","templated":true}]}}

MINI DALMATINSKA TURNEJA STEFANOVSKOG I V3 TRIA  U TROGIRU, ŠIBENIKU I BRAČU

<p>Glazbeno umijeće legendarnog Vlatka Stefanovskog odavno je opjevano i poznato diljem regije. Koncertom u Trogiru, Šibeniku i na Braču uz pratnju V3 Trio napravljena je mini turneja po Dalmaciji kako bi se još jednom publici pokazali u najboljem izdanju.</p>
<p>Impresivna fuzija glazbenih stilova, dalmatinska publika je ostala zadivljena što je rezultiralo i višeminutnim pljeskom na samom kraju njihovog nastupa.</p>
