{"id":613,"date":"2024-03-29T20:01:19","date_gmt":"2024-03-29T19:01:19","guid":{"rendered":"https:\/\/www.musictime.hr\/?post_type=event&#038;p=613"},"modified":"2024-03-29T20:01:19","modified_gmt":"2024-03-29T19:01:19","slug":"ima-neka-tajna-veza-trogir-i-sibenik","status":"publish","type":"event","link":"https:\/\/www.musictime.hr\/en\/event\/ima-neka-tajna-veza-trogir-i-sibenik\/","title":{"rendered":"IMA NEKA TAJNA VEZA &#8211;  Trogir i \u0160ibenik"},"content":{"rendered":"<p>Glazbeni spektakl \u201eIma neka tajna veza \u2013 Made in Sarajevo\u201c jedinstveni je doga\u0111aj na kojem je publika uz pratnju Zagreba\u010dke filharmonije u\u017eivala u legendarnim hitovima sarajevskih pop i rock-bendova i pjeva\u010da i tako se na jednu ve\u010der vratili u dane kad je Sarajevo bilo regionalni glazbeni centar s bendovima kao \u0161to su Merlin, Bijelo dugme, Indexi, Plavi Orkestar, Crvena jabuka, Zdravko \u010coli\u0107, Hari Mata Hari, Kemal Monteno, Vajta, Zabranjeno pu\u0161enje, Jadranka Stojakovi\u0107, Te\u0161ka industrija, Valentino&#8230;.<\/p>\n","protected":false},"featured_media":614,"template":"","meta":{"_acf_changed":false},"categories":[18],"class_list":["post-613","event","type-event","status-publish","has-post-thumbnail","hentry","category-18"],"acf":[],"aioseo_notices":[],"_links":{"self":[{"href":"https:\/\/www.musictime.hr\/en\/wp-json\/wp\/v2\/event\/613","targetHints":{"allow":["GET"]}}],"collection":[{"href":"https:\/\/www.musictime.hr\/en\/wp-json\/wp\/v2\/event"}],"about":[{"href":"https:\/\/www.musictime.hr\/en\/wp-json\/wp\/v2\/types\/event"}],"wp:featuredmedia":[{"embeddable":true,"href":"https:\/\/www.musictime.hr\/en\/wp-json\/wp\/v2\/media\/614"}],"wp:attachment":[{"href":"https:\/\/www.musictime.hr\/en\/wp-json\/wp\/v2\/media?parent=613"}],"wp:term":[{"taxonomy":"category","embeddable":true,"href":"https:\/\/www.musictime.hr\/en\/wp-json\/wp\/v2\/categories?post=613"}],"curies":[{"name":"wp","href":"https:\/\/api.w.org\/{rel}","templated":true}]}}

IMA NEKA TAJNA VEZA &#8211;  Trogir i Šibenik

<p>Glazbeni spektakl „Ima neka tajna veza – Made in Sarajevo“ jedinstveni je događaj na kojem je publika uz pratnju Zagrebačke filharmonije uživala u legendarnim hitovima sarajevskih pop i rock-bendova i pjevača i tako se na jednu večer vratili u dane kad je Sarajevo bilo regionalni glazbeni centar s bendovima kao što su Merlin, Bijelo dugme, Indexi, Plavi Orkestar, Crvena jabuka, Zdravko Čolić, Hari Mata Hari, Kemal Monteno, Vajta, Zabranjeno pušenje, Jadranka Stojaković, Teška industrija, Valentino&#8230;.</p>
